?
2, 7
Let d be -2 + (-3 - -5) - 39. Let j = d + 70. List the prime factors of j.
31
Let m(t) = -4*t**2 - 6*t + 0*t**2 + 2*t**2. Let z be m(-4). Let u(l) = -l**3 - 8*l**2 + 6. What are the prime factors of u(z)?
2, 3
Let l be 43/2 + 3/(-6). Suppose -3*w = 5*v + 21, w - 4*w + 3*v = l. Let q(i) = -3*i - 10. List the prime factors of q(w).
11
Suppose 0 = 4*x + c - 14, x = c + 4 - 3. Let a(w) = 2*w - 1. What are the prime factors of a(x)?
5
Let b(g) = 4*g**2 - 6*g + 16. List the prime factors of b(6).
2, 31
Let t(f) = 16*f**2 - 3 - f**3 + 6 + 2*f - 11*f**2. List the prime factors of t(4).
3
Let q(d) = 33*d**3 + 2*d**2 - 2*d + 1. Let z be q(1). Suppose -2*i - 8 + z = 0. What are the prime factors of i?
13
Let j(c) = -c**2 - 7*c - 6. Let w be j(-5). Suppose 8 + 11 = -5*g + b, 0 = -w*b - 4. What are the prime factors of (2/(-3))/(g/66)?
11
Suppose h - 55 = -4*h. Let f = -35 + h. Let j = -9 - f. List the prime factors of j.
3, 5
Suppose 4*z + 6 = 6*z. Suppose 0 = 5*g - 3*b - 194, -2*b + z*b + 40 = g. What are the prime factors of g?
37
Suppose -2 - 4 = -2*o. Let w be (-1)/(0 + o + -2). What are the prime factors of -2 + 8 + w - -2?
7
Let g = 7 - 4. Suppose -10 = -h - 2*p + g, -3*p = h - 9. List the prime factors of h.
3, 7
Let i(p) = p + 5. Let y be i(0). Suppose 4*w - l + 13 = 4*l, 3*l = y*w. What are the prime factors of 27/3*(w + -2)?
3
Let b be (10 + 0)*4/8. What are the prime factors of (-98)/(-2*(b + -4))?
7
Suppose -10*b + 5*b = -615. List the prime factors of b.
3, 41
Let v(j) = -4*j**2 + 4*j**3 + 0*j**3 + 2*j - 5*j**3. Let f be v(-5). Suppose 4*h - 4*s = 1 + f, 3*s = 6. List the prime factors of h.
2, 3
Let l = 16 + -11. Suppose -l*b + 190 + 40 = 0. Suppose -5*j = 2*p + p - b, -4*p - 4*j + 48 = 0. List the prime factors of p.
7
Let l(k) = -k**3 - 3*k**2 - 4*k - 4. Let a be l(-3). Suppose 2*i = -c - 46, -3*c + a*c - 2*i = -230. What are the prime factors of c/(-4) + 2/4?
2, 3
Suppose 0 = -4*j + r + 41, 0 = 3*j - 4*r - 53 + 6. What are the prime factors of j?
3
Suppose -5*g = 0, -3*w - g + 1 = 4. Let q = w - -12. What are the prime factors of q?
11
Let z(s) be the third derivative of -s**6/120 - s**5/10 + 5*s**4/24 - 3*s**3/2 + 3*s**2. List the prime factors of z(-7).
5
What are the prime factors of (-4)/6 - 460/(-6)?
2, 19
Suppose 7*b + 1170 = 16*b. List the prime factors of b.
2, 5, 13
Suppose 0 = -t + 45 - 315. List the prime factors of t/(-8) + 4/16.
2, 17
Let g(r) = -r**2 - r + 2. Let x be g(0). Let u(j) = 2*j - j**3 + 2*j**x + 0*j**3 - 1 - 4*j**2. What are the prime factors of u(-3)?
2
Suppose 4*p = -2*u + 24, 0*u - 5*u + 5*p = 0. Suppose 0*h - 20 = -u*h. What are the prime factors of h?
5
Suppose y = -4 + 9. List the prime factors of y.
5
Let w = -21 - -42. Suppose 6 = -3*g + w. List the prime factors of g.
5
Let w be 12/8*(-8)/(-3). Let z = 0 + w. Suppose -5*k + z*k = -15. List the prime factors of k.
3, 5
Suppose 3*x - 121 = -4*k - 12, -3*x + 5*k + 100 = 0. List the prime factors of x.
5, 7
Suppose -b = -4*b + 15. Suppose -2*g = -2*x + 24, b*x - 16 = 3*x - 2*g. List the prime factors of 23/5 + (-6)/x.
2
Suppose -2*n + 0*n = -26. Let g = -21 + n. List the prime factors of 6/24 - 182/g.
23
Let s be (3/(-2))/((-18)/552). Suppose -3*l + s = -l. What are the prime factors of l?
23
Suppose 3*u - u = 3*x - 8, 0 = 2*x + 3*u - 1. Suppose t + 18 = x*t. List the prime factors of t.
2, 3
Suppose w = -3*w + 44. Let j be -2*w*(0 - 1). Suppose -11 = 3*p - 4*p - 2*y, -2*p + 5*y = -j. List the prime factors of p.
11
Suppose 81 = n - r + 5*r, 0 = 2*n + r - 162. What are the prime factors of n?
3
Let t(q) be the first derivative of 1/4*q**4 + 2*q - 1/2*q**2 + 2 - 2/3*q**3. What are the prime factors of t(3)?
2
Let r = -10 - -19. Let z = r - 1. What are the prime factors of z?
2
What are the prime factors of -1 + 10/4 + (-1332)/(-24)?
3, 19
Suppose -5*k + 554 = 2*h, 4*h = 4*k - h - 430. What are the prime factors of k?
2, 5, 11
What are the prime factors of (-2)/(-4 + (-1160)/(-292))?
73
Let o = -462 - -719. List the prime factors of o.
257
Let j = 6 - 4. Let m = j + 1. What are the prime factors of m?
3
Let p(r) = -r**3 + 9*r**2 - 2*r - 3. What are the prime factors of p(8)?
3, 5
Let k(u) be the first derivative of -9*u + 3/2*u**2 - 2. List the prime factors of k(6).
3
Let w(h) = h**3 - 9*h**2 - 7*h + 16. What are the prime factors of w(10)?
2, 23
Let v(j) = -7*j + 4. List the prime factors of v(-8).
2, 3, 5
Suppose 0 = -17*u + 22*u - 25. List the prime factors of u.
5
Let z(j) = j**3 - 4*j**2 + 2*j. Let d be z(5). Let i be (-124)/(-7) + 10/d. Let m = -12 + i. What are the prime factors of m?
2, 3
Suppose v - 5*k - 4 = 2*v, -4*v + k - 16 = 0. Let m(i) = -i**3 - 4*i**2 - 5*i + 3. Let c be m(v). Let g = -8 + c. List the prime factors of g.
3, 5
Let s be (-2)/((-4)/(-2)) + 1. Suppose 2*k = -s*k + 6. What are the prime factors of k?
3
Let k(v) = 4*v**2 + 75*v + 31. What are the prime factors of k(-23)?
2, 211
Let g = 82 + -20. What are the prime factors of g?
2, 31
Let c(k) = -3*k + 8. List the prime factors of c(-6).
2, 13
List the prime factors of (-2436)/(-20) + -1 + (-24)/(-20).
2, 61
Suppose -11*c - 480 = -16*c. List the prime factors of c.
2, 3
Suppose -3*h + h - 2 = 0. Let k be (1 - 5)*(h - 0). Let o(n) = n**3 - 2*n**2 - 5*n - 3. What are the prime factors of o(k)?
3
List the prime factors of (40/14)/(2/7).
2, 5
Let v = 12 + 22. List the prime factors of v.
2, 17
Let n be (-3)/(2/2 - 2). Let s = n - 6. List the prime factors of -24*(0 + s/6).
2, 3
Suppose z - 82 = 1. Let v = z + -59. What are the prime factors of v?
2, 3
Let r(x) = 3*x - 3*x**2 - 4*x**3 + 6*x**2 + x**3 + 2*x**3 + 1. Let i(q) = -q**3 - 4*q**2 - q - 1. Let m be i(-4). What are the prime factors of r(m)?
2, 5
Let c(n) = n**2 - 1. Suppose 2*w + 3*a - 5 = w, -3*w + 7 = 5*a. Let u be c(w). Suppose 2*j - j - 8 = u. What are the prime factors of j?
2
Let h = 25 + -1. What are the prime factors of h?
2, 3
List the prime factors of 22008/144 - 2/(-12).
3, 17
Let c = 3 - 6. List the prime factors of c/(-12) + 153/12.
13
Suppose 11*a - 898 = 433. List the prime factors of a.
11
Suppose -3*h + 149 = p, -4 = -5*p + 6. Let k = h + -16. What are the prime factors of k?
3, 11
Suppose 5*c - 20 = 0, -g + c = -5*g - 52. Let m = -4 - g. List the prime factors of m.
2, 5
Let f be (-50)/(-4) - (-3)/(-6). Suppose -f = -3*k, -48 = -3*d + 2*k - 5*k. List the prime factors of d.
2, 3
Suppose 3*z + 287 = 4*x, 0 = -4*z + 2*z + 6. Suppose q + x = 5*w + 2*q, -5*w + 54 = -4*q. List the prime factors of w.
2, 7
Let v be (2 - (-9)/(-3)) + -20. Let y = -15 - v. Let w = 1 + y. List the prime factors of w.
7
Let t(i) = i**3 + i**2 + i + 3. What are the prime factors of t(0)?
3
Let y(j) = j**3 + 4*j**2 - 6*j + 3. Let x be 6/(-2)*5/3. What are the prime factors of y(x)?
2
Let v(n) = 51*n**2 + 1. Let z be v(1). Suppose 5*k - 63 = z. What are the prime factors of k?
23
Let y = 26 + 11. List the prime factors of y.
37
Suppose 2*c - 15 = 1. Let a be (-12)/8 - (-5)/(-2). Let n = c + a. List the prime factors of n.
2
Suppose -6*u + 2*u - 6 = -3*j, -2*u = j - 2. Suppose 0 = z + 3*l - u*l - 6, -5*l - 6 = -z. List the prime factors of z.
2, 3
Suppose 0 = -4*v + 197 + 207. What are the prime factors of v?
101
Suppose -9*j + 3840 = 6*j. List the prime factors of j.
2
Let m be 320/15 + (-2)/6. What are the prime factors of m/(-9)*-3*3?
3, 7
What are the prime factors of (21 + 0)/(-5*(-18)/1740)?
2, 7, 29
What are the prime factors of 84 + (4 - (-4 - -5))?
3, 29
Suppose 0 = -2*y - 4*b + 50, -6*y + 78 = -3*y + 3*b. Suppose -y = -i - 2*k, -3*i + 6*k + 51 = 2*k. What are the prime factors of i?
3, 7
Let h be (-8 + 15)/(0 + 1). Let i(d) be the third derivative of -d**6/120 + 2*d**5/15 - 7*d**4/24 + 7*d**3/6 + d**2. What are the prime factors of i(h)?
7
Let i be 4 + -1 + (-3 - -3). Suppose -4*c = -8*c + i*n + 109, -3*c + 88 = -n. What are the prime factors of c?
31
Let f be ((-2)/(-2))/((-2)/(-4)). Let l(z) = 11*z + 1. List the prime factors of l(f).
23
Suppose -7*f = -2*f. Suppose 2*c + f = 24. Suppose -3*t + 39 = -c. What are the prime factors of t?
17
Let s = -4 - -7. Suppose -7 = s*v + 11. What are the prime factors of -4 + 4 - (v - 1)?
7
Let x(t) = t**2 - 4*t - 6. Let s be x(6). Let j = 17 - s. What are the prime factors of j?
11
